{"id":7,"date":"2021-08-13T22:33:21","date_gmt":"2021-08-13T20:33:21","guid":{"rendered":"https:\/\/blog.prd.paypo.online\/?page_id=7"},"modified":"2025-11-14T15:11:37","modified_gmt":"2025-11-14T14:11:37","slug":"home-page","status":"publish","type":"page","link":"https:\/\/paypo.pl\/blog\/","title":{"rendered":"Home page"},"content":{"rendered":"","protected":false},"excerpt":{"rendered":"","protected":false},"author":4,"featured_media":0,"parent":0,"menu_order":0,"comment_status":"closed","ping_status":"closed","template":"","meta":{"footnotes":""},"class_list":["post-7","page","type-page","status-publish","hentry"],"yoast_head":"<!-- This site is optimized with the Yoast SEO plugin v20.5 - https:\/\/yoast.com\/wordpress\/plugins\/seo\/ -->\n<title>PayPo Blog - wszystko o e-commerce i zakupach w sieci<\/title>\n<meta name=\"description\" content=\"Blog PayPo to miejsce, z kt\u00f3rego dowiesz si\u0119 wszystkiego o zakupach online, p\u0142atno\u015bciach odroczonych i sprzeda\u017cy przez internet.\" \/>\n<meta name=\"robots\" content=\"index, follow, max-snippet:-1, max-image-preview:large, max-video-preview:-1\" \/>\n<link rel=\"canonical\" href=\"https:\/\/paypo.pl\/blog\/\" \/>\n<meta property=\"og:locale\" content=\"pl_PL\" \/>\n<meta property=\"og:type\" content=\"article\" \/>\n<meta property=\"og:title\" content=\"PayPo Blog - wszystko o e-commerce i zakupach w sieci\" \/>\n<meta property=\"og:description\" content=\"Blog PayPo to miejsce, z kt\u00f3rego dowiesz si\u0119 wszystkiego o zakupach online, p\u0142atno\u015bciach odroczonych i sprzeda\u017cy przez internet.\" \/>\n<meta property=\"og:url\" content=\"https:\/\/paypo.pl\/blog\/\" \/>\n<meta property=\"og:site_name\" content=\"PayPo Blog\" \/>\n<meta property=\"article:modified_time\" content=\"2025-11-14T14:11:37+00:00\" \/>\n<meta property=\"og:image\" content=\"https:\/\/paypo.pl\/blog\/wp-content\/uploads\/2021\/10\/Nowy-projekt-26.png\" \/>\n\t<meta property=\"og:image:width\" content=\"973\" \/>\n\t<meta property=\"og:image:height\" content=\"487\" \/>\n\t<meta property=\"og:image:type\" content=\"image\/png\" \/>\n<meta name=\"twitter:card\" content=\"summary_large_image\" \/>\n<!-- \/ Yoast SEO plugin. -->","yoast_head_json":{"title":"PayPo Blog - wszystko o e-commerce i zakupach w sieci","description":"Blog PayPo to miejsce, z kt\u00f3rego dowiesz si\u0119 wszystkiego o zakupach online, p\u0142atno\u015bciach odroczonych i sprzeda\u017cy przez internet.","robots":{"index":"index","follow":"follow","max-snippet":"max-snippet:-1","max-image-preview":"max-image-preview:large","max-video-preview":"max-video-preview:-1"},"canonical":"https:\/\/paypo.pl\/blog\/","og_locale":"pl_PL","og_type":"article","og_title":"PayPo Blog - wszystko o e-commerce i zakupach w sieci","og_description":"Blog PayPo to miejsce, z kt\u00f3rego dowiesz si\u0119 wszystkiego o zakupach online, p\u0142atno\u015bciach odroczonych i sprzeda\u017cy przez internet.","og_url":"https:\/\/paypo.pl\/blog\/","og_site_name":"PayPo Blog","article_modified_time":"2025-11-14T14:11:37+00:00","og_image":[{"width":973,"height":487,"url":"https:\/\/paypo.pl\/blog\/wp-content\/uploads\/2021\/10\/Nowy-projekt-26.png","type":"image\/png"}],"twitter_card":"summary_large_image","schema":{"@context":"https:\/\/schema.org","@graph":[{"@type":"WebPage","@id":"https:\/\/paypo.pl\/blog\/","url":"https:\/\/paypo.pl\/blog\/","name":"PayPo Blog - wszystko o e-commerce i zakupach w sieci","isPartOf":{"@id":"https:\/\/paypo.pl\/blog\/#website"},"datePublished":"2021-08-13T20:33:21+00:00","dateModified":"2025-11-14T14:11:37+00:00","description":"Blog PayPo to miejsce, z kt\u00f3rego dowiesz si\u0119 wszystkiego o zakupach online, p\u0142atno\u015bciach odroczonych i sprzeda\u017cy przez internet.","breadcrumb":{"@id":"https:\/\/paypo.pl\/blog\/#breadcrumb"},"inLanguage":"pl-PL","potentialAction":[{"@type":"ReadAction","target":["https:\/\/paypo.pl\/blog\/"]}]},{"@type":"BreadcrumbList","@id":"https:\/\/paypo.pl\/blog\/#breadcrumb","itemListElement":[{"@type":"ListItem","position":1,"name":"Strona g\u0142\u00f3wna","item":"https:\/\/paypo.pl\/blog\/"},{"@type":"ListItem","position":2,"name":"Home page"}]},{"@type":"WebSite","@id":"https:\/\/paypo.pl\/blog\/#website","url":"https:\/\/paypo.pl\/blog\/","name":"PayPo Blog","description":"PapPo Blog","potentialAction":[{"@type":"SearchAction","target":{"@type":"EntryPoint","urlTemplate":"https:\/\/paypo.pl\/blog\/?s={search_term_string}"},"query-input":"required name=search_term_string"}],"inLanguage":"pl-PL"}]}},"_links":{"self":[{"href":"https:\/\/paypo.pl\/blog\/wp-json\/wp\/v2\/pages\/7","targetHints":{"allow":["GET"]}}],"collection":[{"href":"https:\/\/paypo.pl\/blog\/wp-json\/wp\/v2\/pages"}],"about":[{"href":"https:\/\/paypo.pl\/blog\/wp-json\/wp\/v2\/types\/page"}],"author":[{"embeddable":true,"href":"https:\/\/paypo.pl\/blog\/wp-json\/wp\/v2\/users\/4"}],"replies":[{"embeddable":true,"href":"https:\/\/paypo.pl\/blog\/wp-json\/wp\/v2\/comments?post=7"}],"version-history":[{"count":217,"href":"https:\/\/paypo.pl\/blog\/wp-json\/wp\/v2\/pages\/7\/revisions"}],"predecessor-version":[{"id":3139,"href":"https:\/\/paypo.pl\/blog\/wp-json\/wp\/v2\/pages\/7\/revisions\/3139"}],"wp:attachment":[{"href":"https:\/\/paypo.pl\/blog\/wp-json\/wp\/v2\/media?parent=7"}],"curies":[{"name":"wp","href":"https:\/\/api.w.org\/{rel}","templated":true}]}}